digit of 133023206?
1
What is the ten millions digit of 203938306?
0
What is the hundred thousands digit of 6424722?
4
What is the hundreds digit of 608441665?
6
What is the thousands digit of 228484547?
4
What is the thousands digit of 1935482158?
2
What is the hundred thousands digit of 209385042?
3
What is the tens digit of 342909424?
2
What is the ten thousands digit of 310748805?
4
What is the ten millions digit of 800176719?
0
What is the tens digit of 2963855403?
0
What is the ten millions digit of 3027857342?
2
What is the ten thousands digit of 57661956?
6
What is the hundreds digit of 109655938?
9
What is the hundred thousands digit of 46765160?
7
What is the hundreds digit of 199438066?
0
What is the ten thousands digit of 1217812579?
1
What is the millions digit of 1156478316?
6
What is the ten thousands digit of 170897898?
9
What is the hundreds digit of 80863924?
9
What is the ten millions digit of 237175154?
3
What is the ten thousands digit of 689321480?
2
What is the hundreds digit of 1465482056?
0
What is the thousands digit of 69380277?
0
What is the millions digit of 3175926846?
5
What is the hundred millions digit of 289075500?
2
What is the billions digit of 3089289334?
3
What is the thousands digit of 447055120?
5
What is the units digit of 652534519?
9
What is the ten thousands digit of 89987380?
8
What is the millions digit of 98563930?
8
What is the thousands digit of 1669778858?
8
What is the thousands digit of 158138128?
8
What is the ten thousands digit of 495428095?
2
What is the hundred millions digit of 187473480?
1
What is the tens digit of 1492431134?
3
What is the millions digit of 1811670147?
1
What is the millions digit of 685404629?
5
What is the hundred thousands digit of 76343394?
3
What is the hundred thousands digit of 64056090?
0
What is the units digit of 64194675?
5
What is the tens digit of 53868663?
6
What is the tens digit of 3767803745?
4
What is the hundred millions digit of 1896930771?
8
What is the hundreds digit of 391891757?
7
What is the hundreds digit of 886892641?
6
What is the ten thousands digit of 115190148?
9
What is the units digit of 172674036?
6
What is the hundred thousands digit of 6886069023?
0
What is the units digit of 1628663862?
2
What is the ten thousands digit of 106916231?
1
What is the hundred millions digit of 196611094?
1
What is the billions digit of 6539526658?
6
What is the hundreds digit of 3174102904?
9
What is the units digit of 131337191?
1
What is the ten thousands digit of 7046360?
4
What is the millions digit of 620178651?
0
What is the hundred thousands digit of 1173666173?
6
What is the thousands digit of 67927122?
7
What is the hundred millions digit of 248410139?
2
What is the units digit of 153347318?
8
What is the millions digit of 41295809?
1
What is the hundreds digit of 237722825?
8
What is the millions digit of 109222987?
9
What is the ten thousands digit of 178543100?
4
What is the units digit of 488361065?
5
What is the ten millions digit of 39375726?
3
What is the hundred thousands digit of 113461434?
4
What is the units digit of 38538258?
8
What is the hundred thousands digit of 92052745?
0
What is the tens digit of 41129742?
4
What is the hundreds digit of 1058839316?
3
What is the millions digit of 128253596?
8
What is the hundred thousands digit of 116976126?
9
What is the millions digit of 32542179?
2
What is the hundred millions digit of 1299589063?
2
What is the hundred thousands digit of 720693667?
6
What is the hundreds digit of 123685634?
6
What is the tens digit of 653093856?
5
What is the units digit of 77310147?
7
What is the thousands digit of 56177691?
7
What is the thousands digit of 741403312?
3
What is the thousands digit of 36380293?
0
What is the tens digit of 73885966?
6
What is the tens digit of 14252499?
9
What is the millions digit of 122862570?
2
What is the millions digit of 195336010?
5
What is the ten thousands digit of 213051394?
5
What is the thousands digit of 151838927?
8
What is the ten millions digit of 1966553169?
6
What is the millions digit of 12805702?
2
What is the millions digit of 68644416?
8
What is the units digit of 1078287189?
9
What is the units digit of 328932445?
5
What is the units digit of 4518149275?
5
What is the tens digit of 125487627?
2
What is the tens digit of 6097144139?
3
What is the millions digit of 5654963044?
4
What is the tens digit of 267588622?
2
What is the ten millions digit of 110924330?
1
What is the hundreds digit of 194179466?
4
What is the hundred thousands digit of 101483976?
4
What is the ten thousands digit of 1110526402?
2
What is the units digit of 1369249858?
8
What is the units digit of 1522385244?
4
What is the millions digit of 88720162?
8
What is the thousands digit of 254612191?
2
What is the tens digit of 19822610?
1
What is the units digit of 200411132?
2
What is the tens digit of 443133995?
9
What is the ten millions digit of 29703410?
2
What is the ten millions digit of 165765016?
6
What is the millions digit of 95924122?
5
What is the hundred thousands digit of 29741082?
7
What is the ten thousands digit of 18846601?
4
What is the hundred thousands digit of 1726808?
7
What is the hundreds digit of 53952317?
3
What is the hundreds digit of 62038615?
6
What is the hundred millions digit of 440017781?
4
What is the hundreds digit of 543396680?
6
What is the millions digit of 154412903?
4
What is the tens digit of 3632409863?
6
What is the hundred thousands digit of 429509095?
5
What is the ten thousands digit of 1342223276?
2
What is the millions digit of 37889395?
7
What is the hundreds digit of 589694372?
3
What is the thousands digit of 109688946?
8
What is the ten millions digit of 11134570?
1
What is the thousands digit of 41260254?
0
What is the ten thousands digit of 496950091?
5
What is the hundred millions digit of 1506802928?
5
What is the units digit of 331745413?
3
What is the hundred millions digit of 106990569?
1
What is the ten millions digit of 117398594?
1
What is the hundreds digit of 421539062?
0
What is the tens digit of 4225655798?
9
What is the thousands digit of 111632008?
2
What is the ten millions digit of 1229457537?
2
What is the ten thousands digit of 376412486?
1
What is the thousands digit of 24413315?
3
What is the hundred thousands digit of 319808492?
8
What is the ten thousands digit of 4406110661?
1
What is the hundred thousands digit of 352231248?
2
What is the hundreds digit of 2315226?
2
What is the units digit of 150559891?
1
What is the hundreds digit of 866040187?
1
What is the hundreds digit of 5675558678?
6
What is the hundred thousands digit of 27890625?
8
What is the tens digit of 67484226?
2
What is the units digit of 901737473?
3
What is the thousands digit of 115247127?
7
What is the thousands digit of 3036403801?
3
What is the ten thousands digit of 1155513712?
1
What is the millions digit of 1235487658?
5
What is the ten millions digit of 129703208?
2
What is the hundreds digit of 944328227?
2
What is the ten thousands digit of 2282420011?
2
What is the millions digit of 93142558?
3
What is the units digit of 18391324?
4
What is the ten thousands digit of 318657264?
5
What is the ten thousands digit of 558457407?
5
What is the thousands digit of 4838046069?
6
What is the ten thousands digit of 145763902?
6
What is the thousands digit of 43062468?
2
What is the hundred millions digit of 4734978216?
7
What is the hundred thousands digit of 8436721228?
7
What is the hundred thousands digit of 2475710971?
7
What is the units digit of 4434833325?
5
What is the tens digit of 545231881?
8
What is the thousands digit of 252730645?
0
What is the thousands digit of 46896207?
6
What is the tens digit of 541869948?
4
What is the hundred thousands digit of 63189459?
1
What is the ten thousands digit of 46299039?
9
What is the ten thousands digit of 1141443316?
4
What is the units digit of 464809365?
5
What is the hundred millions digit of 148787737?
1
What is the hundreds digit of 220358618?
6
What is the millions digit of 5172714108?
2
What is the thousands digit of 739320872?
0
What is the units digit of 549755?
5
What is the ten thousands digit of 755170141?
7
What is the hundred millions digit of 1323183888?
3
What i